{"id":31,"date":"2024-01-04T21:18:16","date_gmt":"2024-01-04T20:18:16","guid":{"rendered":"https:\/\/mariupol2022.com\/?page_id=31"},"modified":"2024-06-05T13:52:27","modified_gmt":"2024-06-05T11:52:27","slug":"accueil-mariupol-2022","status":"publish","type":"page","link":"https:\/\/mariupol2022.com\/","title":{"rendered":"Accueil"},"content":{"rendered":"\t\t<div data-elementor-type=\"wp-page\" data-elementor-id=\"31\" class=\"elementor elementor-31\">\n\t\t\t\t\t\t<section class=\"elementor-section elementor-top-section elementor-element elementor-element-76562f3 elementor-section-boxed elementor-section-height-default elementor-section-height-default\" data-id=\"76562f3\" data-element_type=\"section\" data-e-type=\"section\">\n\t\t\t\t\t\t<div class=\"elementor-container elementor-column-gap-default\">\n\t\t\t\t\t<div class=\"elementor-column elementor-col-100 elementor-top-column elementor-element elementor-element-1c252f2\" data-id=\"1c252f2\" data-element_type=\"column\" data-e-type=\"column\">\n\t\t\t<div class=\"elementor-widget-wrap elementor-element-populated\">\n\t\t\t\t\t\t<div class=\"elementor-element elementor-element-700cadf elementor-widget elementor-widget-image\" data-id=\"700cadf\" data-element_type=\"widget\" data-e-type=\"widget\" data-widget_type=\"image.default\">\n\t\t\t\t<div class=\"elementor-widget-container\">\n\t\t\t\t\t\t\t\t\t\t\t\t\t\t\t<img fetchpriority=\"high\" decoding=\"async\" width=\"1280\" height=\"590\" src=\"https:\/\/mariupol2022.com\/wp-content\/uploads\/2024\/01\/Olesia-TROFYMENKO.jpeg\" class=\"attachment-full size-full wp-image-62\" alt=\"Olesia Trofymenko en train de peintre le tableau Mariupol 2022\" srcset=\"https:\/\/mariupol2022.com\/wp-content\/uploads\/2024\/01\/Olesia-TROFYMENKO.jpeg 1280w, https:\/\/mariupol2022.com\/wp-content\/uploads\/2024\/01\/Olesia-TROFYMENKO-300x138.jpeg 300w, https:\/\/mariupol2022.com\/wp-content\/uploads\/2024\/01\/Olesia-TROFYMENKO-1024x472.jpeg 1024w, https:\/\/mariupol2022.com\/wp-content\/uploads\/2024\/01\/Olesia-TROFYMENKO-768x354.jpeg 768w\" sizes=\"(max-width: 1280px) 100vw, 1280px\" \/>\t\t\t\t\t\t\t\t\t\t\t\t\t\t\t<\/div>\n\t\t\t\t<\/div>\n\t\t<div class=\"elementor-element elementor-element-201084a e-flex e-con-boxed e-con e-parent\" data-id=\"201084a\" data-element_type=\"container\" data-e-type=\"container\">\n\t\t\t\t\t<div class=\"e-con-inner\">\n\t\t\t\t<div class=\"elementor-element elementor-element-52857a3 elementor-button-warning elementor-widget elementor-widget-button\" data-id=\"52857a3\" data-element_type=\"widget\" data-e-type=\"widget\" data-widget_type=\"button.default\">\n\t\t\t\t<div class=\"elementor-widget-container\">\n\t\t\t\t\t\t\t\t\t<div class=\"elementor-button-wrapper\">\n\t\t\t\t\t<a class=\"elementor-button elementor-button-link elementor-size-sm\" href=\"https:\/\/mariupol2022.com\/index.php\/evenements-mariupol-2022\/\">\n\t\t\t\t\t\t<span class=\"elementor-button-content-wrapper\">\n\t\t\t\t\t\t\t\t\t<span class=\"elementor-button-text\">\u00c9V\u00c8NEMENTS<\/span>\n\t\t\t\t\t<\/span>\n\t\t\t\t\t<\/a>\n\t\t\t\t<\/div>\n\t\t\t\t\t\t\t\t<\/div>\n\t\t\t\t<\/div>\n\t\t\t\t<div class=\"elementor-element elementor-element-fed7dc2 elementor-button-warning elementor-widget elementor-widget-button\" data-id=\"fed7dc2\" data-element_type=\"widget\" data-e-type=\"widget\" data-widget_type=\"button.default\">\n\t\t\t\t<div class=\"elementor-widget-container\">\n\t\t\t\t\t\t\t\t\t<div class=\"elementor-button-wrapper\">\n\t\t\t\t\t<a class=\"elementor-button elementor-button-link elementor-size-sm\" href=\"https:\/\/mariupol2022.com\/index.php\/le-tableau-olesia-trofymenko\/\">\n\t\t\t\t\t\t<span class=\"elementor-button-content-wrapper\">\n\t\t\t\t\t\t\t\t\t<span class=\"elementor-button-text\">LE TABLEAU<\/span>\n\t\t\t\t\t<\/span>\n\t\t\t\t\t<\/a>\n\t\t\t\t<\/div>\n\t\t\t\t\t\t\t\t<\/div>\n\t\t\t\t<\/div>\n\t\t\t\t<div class=\"elementor-element elementor-element-11458f0 elementor-button-warning elementor-widget elementor-widget-button\" data-id=\"11458f0\" data-element_type=\"widget\" data-e-type=\"widget\" data-widget_type=\"button.default\">\n\t\t\t\t<div class=\"elementor-widget-container\">\n\t\t\t\t\t\t\t\t\t<div class=\"elementor-button-wrapper\">\n\t\t\t\t\t<a class=\"elementor-button elementor-button-link elementor-size-sm\" href=\"https:\/\/mariupol2022.com\/index.php\/olesia-trofymenko\/\">\n\t\t\t\t\t\t<span class=\"elementor-button-content-wrapper\">\n\t\t\t\t\t\t\t\t\t<span class=\"elementor-button-text\">OLESIA TROFYMENKO<\/span>\n\t\t\t\t\t<\/span>\n\t\t\t\t\t<\/a>\n\t\t\t\t<\/div>\n\t\t\t\t\t\t\t\t<\/div>\n\t\t\t\t<\/div>\n\t\t\t\t\t<\/div>\n\t\t\t\t<\/div>\n\t\t\t\t<div class=\"elementor-element elementor-element-6d0ecbe elementor-alert-warning elementor-widget elementor-widget-alert\" data-id=\"6d0ecbe\" data-element_type=\"widget\" data-e-type=\"widget\" data-widget_type=\"alert.default\">\n\t\t\t\t<div class=\"elementor-widget-container\">\n\t\t\t\t\t\t\t<div class=\"elementor-alert\" role=\"alert\">\n\n\t\t\t\t\t\t<span class=\"elementor-alert-title\">Interview The Guardian<\/span>\n\t\t\t\n\t\t\t\t\t\t<span class=\"elementor-alert-description\"><i>Bien s\u00fbr, l'Art ne peut arr\u00eater la guerre, mais gr\u00e2ce \u00e0 la culture, il est plus facile pour les gens de se forger une id\u00e9e sur les ukrainiens. Nous avons une id\u00e9e de la culture fran\u00e7aise gr\u00e2ce aux impressionnistes, au Louvre et au mus\u00e9e d'Orsay.<\/i><\/span>\n\t\t\t\n\t\t\t\n\t\t<\/div>\n\t\t\t\t\t\t<\/div>\n\t\t\t\t<\/div>\n\t\t\t\t\t<\/div>\n\t\t<\/div>\n\t\t\t\t\t<\/div>\n\t\t<\/section>\n\t\t<div class=\"elementor-element elementor-element-903e6d0 e-flex e-con-boxed e-con e-parent\" data-id=\"903e6d0\" data-element_type=\"container\" data-e-type=\"container\">\n\t\t\t\t\t<div class=\"e-con-inner\">\n\t\t\t\t<div class=\"elementor-element elementor-element-428deea elementor-widget elementor-widget-text-editor\" data-id=\"428deea\" data-element_type=\"widget\" data-e-type=\"widget\" data-widget_type=\"text-editor.default\">\n\t\t\t\t<div class=\"elementor-widget-container\">\n\t\t\t\t\t\t\t\t\t<p>Le <a href=\"https:\/\/mariupol2022.com\/index.php\/le-tableau-the-painting-olesia-trofymenko\/\" target=\"_blank\" rel=\"noopener\"><strong>tableau<\/strong><\/a> \u00ab Mariupol 2022 \u00bb repr\u00e9sente les premi\u00e8res semaines de la <strong>prise de la ville<\/strong> de Marioupol. Il d\u00e9nonce la <strong>barbarie<\/strong> des envahisseurs russes par la <strong>destruction<\/strong> syst\u00e9matique des <strong>infrastructures civiles<\/strong>, m\u00e9dicales, \u00e9nerg\u00e9tiques et culturelles alors m\u00eame que les combats \u00e9taient concentr\u00e9s en dehors de la ville dans le complexe sid\u00e9rurgique d&rsquo;Azvostal.<\/p><p>Nous avons tous en <strong>m\u00e9moire<\/strong> les images traumatisantes de la <strong>maternit\u00e9 bombard\u00e9e<\/strong>. De cette <strong>jeune m\u00e8re<\/strong> sortie sur une civi\u00e8re alors qu&rsquo;elle \u00e9tait en plein<strong> travail d&rsquo;accouchement<\/strong>. Celles du <strong>th\u00e9\u00e2tre<\/strong> d&rsquo;Art dramatique o\u00f9 plus de 1200 personnes, <strong>femmes<\/strong> et <strong>enfants<\/strong>, s&rsquo;y \u00e9taient <strong>r\u00e9fugi\u00e9s<\/strong> pensant \u00eatre en s\u00e9curit\u00e9, prot\u00e9g\u00e9es par l&rsquo;inscription \u00ab Enfants \u00bb en lettres cyrilliques sur le perron.<\/p><p>Cette <strong>\u0153uvre<\/strong> restera comme le <strong>symbole<\/strong> des villes martyres ukrainiennes telles Boutcha, Irpin, Izium et bien d&rsquo;autres malheureusement.<\/p><p>Ce tableau est issu du <b>documentaire<\/b> \u00ab Marioupol, l&rsquo;espoir n&rsquo;est pas perdu \u00bb de Max Lytvynov produit par Volodymyr Borodiansky (OUP Documentary).<br \/>Il constitue l&rsquo;un des trois piliers du film avec les t\u00e9moignages des femmes ayant surv\u00e9cu \u00e0 l&rsquo;enfer et les images d&rsquo;actualit\u00e9 prises sur place au cours de la destruction de la ville.<\/p><p>Plut\u00f4t que de laisser le spectateur submerg\u00e9 par le choc brutal d&rsquo;images de morts et de corps d\u00e9chiquet\u00e9s, Max Lytvynov a eu l&rsquo;id\u00e9e d&rsquo;inclure dans sa r\u00e9alisation une \u0153uvre picturale. Cette \u0153uvre aura pour but d&rsquo;inciter le spectateur \u00e0 utiliser son <b>imagination<\/b> pour une meilleure <b>r\u00e9flexion<\/b> sur cette trag\u00e9die.<\/p><p>Il a alors demand\u00e9 \u00e0 l&rsquo;artiste ukrainienne <strong><a href=\"https:\/\/mariupol2022.com\/index.php\/olesia-trofymenko\/\" target=\"_blank\" rel=\"noopener\">Olesia TROFYMENKO<\/a><\/strong> de cr\u00e9er un tableau o\u00f9 tout y est d\u00e9nonc\u00e9.<\/p><p>En 7 jours \u00e0 peine, l&rsquo;artiste s&rsquo;est litt\u00e9ralement <b>investi<\/b> dans sa cr\u00e9ation, consid\u00e9rant ce travail comme une v\u00e9ritable <b>mission<\/b>. Le r\u00e9sultat est extraordinaire. Il d\u00e9gage aupr\u00e8s du public une <b>force<\/b> et une <b>attraction<\/b> empreinte d&rsquo;<strong>\u00e9motion<\/strong>.<\/p><p>Gr\u00e2ce \u00e0 cette \u0153uvre magistrale (300&#215;205 cm), le documentaire conserve toute son <b>authenticit\u00e9<\/b> tout en affichant \u00e9norm\u00e9ment de <b>pudeur<\/b>.<\/p>\t\t\t\t\t\t\t\t<\/div>\n\t\t\t\t<\/div>\n\t\t\t\t\t<\/div>\n\t\t\t\t<\/div>\n\t\t\t\t<section class=\"elementor-section elementor-top-section elementor-element elementor-element-8b32f2b elementor-section-boxed elementor-section-height-default elementor-section-height-default\" data-id=\"8b32f2b\" data-element_type=\"section\" data-e-type=\"section\">\n\t\t\t\t\t\t<div class=\"elementor-container elementor-column-gap-default\">\n\t\t\t\t\t<div class=\"elementor-column elementor-col-100 elementor-top-column elementor-element elementor-element-322b726\" data-id=\"322b726\" data-element_type=\"column\" data-e-type=\"column\">\n\t\t\t<div class=\"elementor-widget-wrap elementor-element-populated\">\n\t\t\t\t\t\t<div class=\"elementor-element elementor-element-d7f8e6a elementor-alert-warning elementor-widget elementor-widget-alert\" data-id=\"d7f8e6a\" data-element_type=\"widget\" data-e-type=\"widget\" data-widget_type=\"alert.default\">\n\t\t\t\t<div class=\"elementor-widget-container\">\n\t\t\t\t\t\t\t<div class=\"elementor-alert\" role=\"alert\">\n\n\t\t\t\t\t\t<span class=\"elementor-alert-title\">Olesia TROFYMENKO<\/span>\n\t\t\t\n\t\t\t\t\t\t<span class=\"elementor-alert-description\"><i>Je consid\u00e8re ce documentaire comme l'un des projets les plus importants auxquels j'ai eu l'honneur de participer<\/i>.<\/span>\n\t\t\t\n\t\t\t\n\t\t<\/div>\n\t\t\t\t\t\t<\/div>\n\t\t\t\t<\/div>\n\t\t\t\t\t<\/div>\n\t\t<\/div>\n\t\t\t\t\t<\/div>\n\t\t<\/section>\n\t\t<div class=\"elementor-element elementor-element-75f1a8f e-flex e-con-boxed e-con e-parent\" data-id=\"75f1a8f\" data-element_type=\"container\" data-e-type=\"container\">\n\t\t\t\t\t<div class=\"e-con-inner\">\n\t\t\t\t<div class=\"elementor-element elementor-element-a46d2ac elementor-widget elementor-widget-text-editor\" data-id=\"a46d2ac\" data-element_type=\"widget\" data-e-type=\"widget\" data-widget_type=\"text-editor.default\">\n\t\t\t\t<div class=\"elementor-widget-container\">\n\t\t\t\t\t\t\t\t\t<p>Ce <a href=\"https:\/\/mariupol2022.com\/index.php\/le-tableau-the-painting-olesia-trofymenko\/\" target=\"_blank\" rel=\"noopener\">tableau<\/a> n&rsquo;avait jamais \u00e9t\u00e9 expos\u00e9 auparavant. Il dormait paisiblement au fond de l&rsquo;atelier de l&rsquo;artiste. Il \u00e9tait temps que cela change !<\/p><p><span style=\"font-family: var( --e-global-typography-text-font-family ), Sans-serif; text-align: var(--text-align); font-size: 1rem;\">Nous avons donc propos\u00e9 le tableau au <a href=\"https:\/\/www.artistes-independants.fr\" target=\"_blank\" rel=\"noopener\"><strong>Salon des<\/strong> <strong>Ind\u00e9pendants<\/strong><\/a> pour leur exposition du Grand Palais Eph\u00e9m\u00e8re de f\u00e9vrier 2024.<\/span><\/p><p><span style=\"font-family: var( --e-global-typography-text-font-family ), Sans-serif; text-align: var(--text-align); font-size: 1rem;\">Conscients de l&rsquo;importance et du caract\u00e8re unique, le Pr\u00e9sident et l&rsquo;\u00e9quipe\u00a0<\/span>organisatrice ont \u00e9t\u00e9 unanimes pour l&rsquo;accueillir dans l&rsquo;exposition offrant ainsi une <strong>Premi\u00e8re Mondiale \u00e0 Paris<\/strong>.<\/p><p>\u00c0 en juger par les r\u00e9actions des visiteurs, il nous semble indispensable que le tableau poursuive une carri\u00e8re en France et \u00e0 travers le monde en tant que v\u00e9hicule culturel pour <b>\u00e9veiller<\/b> les <b>consciences<\/b> sur cette trag\u00e9die aux portes de l&rsquo;Europe.<\/p>\t\t\t\t\t\t\t\t<\/div>\n\t\t\t\t<\/div>\n\t\t\t\t<div class=\"elementor-element elementor-element-31fed00 elementor-widget elementor-widget-spacer\" data-id=\"31fed00\" data-element_type=\"widget\" data-e-type=\"widget\" data-widget_type=\"spacer.default\">\n\t\t\t\t<div class=\"elementor-widget-container\">\n\t\t\t\t\t\t\t<div class=\"elementor-spacer\">\n\t\t\t<div class=\"elementor-spacer-inner\"><\/div>\n\t\t<\/div>\n\t\t\t\t\t\t<\/div>\n\t\t\t\t<\/div>\n\t\t\t\t\t<\/div>\n\t\t\t\t<\/div>\n\t\t\t\t<\/div>\n\t\t","protected":false},"excerpt":{"rendered":"<p>\u00c9V\u00c8NEMENTS LE TABLEAU OLESIA TROFYMENKO Interview The Guardian Bien s\u00fbr, l&rsquo;Art ne peut arr\u00eater la guerre, mais gr\u00e2ce \u00e0 la culture, il est plus facile pour les gens de se forger une id\u00e9e sur les ukrainiens. Nous avons une id\u00e9e de la culture fran\u00e7aise gr\u00e2ce aux impressionnistes, au Louvre et au mus\u00e9e d&rsquo;Orsay. Le tableau [&hellip;]<\/p>\n","protected":false},"author":1,"featured_media":0,"parent":0,"menu_order":0,"comment_status":"closed","ping_status":"closed","template":"","meta":{"_monsterinsights_skip_tracking":false,"_monsterinsights_sitenote_active":false,"_monsterinsights_sitenote_note":"","_monsterinsights_sitenote_category":0,"_uf_show_specific_survey":0,"_uf_disable_surveys":false,"footnotes":""},"class_list":["post-31","page","type-page","status-publish","hentry"],"yoast_head":"<!-- This site is optimized with the Yoast SEO plugin v27.3 - https:\/\/yoast.com\/product\/yoast-seo-wordpress\/ -->\n<title>Accueil - Mariupol 2022<\/title>\n<meta name=\"description\" content=\"Le tableau d&#039;Olesia Trofymenko peint \u00e0 l&#039;occasion du film documentaire Mariupol 2022 a \u00e9t\u00e9 expos\u00e9 \u00e0 Paris au salon des artistes ind\u00e9pendants.\" \/>\n<meta name=\"robots\" content=\"index, follow, max-snippet:-1, max-image-preview:large, max-video-preview:-1\" \/>\n<link rel=\"canonical\" href=\"https:\/\/mariupol2022.com\/\" \/>\n<meta property=\"og:locale\" content=\"fr_FR\" \/>\n<meta property=\"og:type\" content=\"article\" \/>\n<meta property=\"og:title\" content=\"Accueil - Mariupol 2022\" \/>\n<meta property=\"og:description\" content=\"Le tableau d&#039;Olesia Trofymenko peint \u00e0 l&#039;occasion du film documentaire Mariupol 2022 a \u00e9t\u00e9 expos\u00e9 \u00e0 Paris au salon des artistes ind\u00e9pendants.\" \/>\n<meta property=\"og:url\" content=\"https:\/\/mariupol2022.com\/\" \/>\n<meta property=\"og:site_name\" content=\"Mariupol 2022\" \/>\n<meta property=\"article:modified_time\" content=\"2024-06-05T11:52:27+00:00\" \/>\n<meta property=\"og:image\" content=\"https:\/\/mariupol2022.com\/wp-content\/uploads\/2024\/01\/Olesia-TROFYMENKO.jpeg\" \/>\n<meta name=\"twitter:card\" content=\"summary_large_image\" \/>\n<meta name=\"twitter:label1\" content=\"Dur\u00e9e de lecture estim\u00e9e\" \/>\n\t<meta name=\"twitter:data1\" content=\"3 minutes\" \/>\n<script type=\"application\/ld+json\" class=\"yoast-schema-graph\">{\"@context\":\"https:\\\/\\\/schema.org\",\"@graph\":[{\"@type\":\"WebPage\",\"@id\":\"https:\\\/\\\/mariupol2022.com\\\/\",\"url\":\"https:\\\/\\\/mariupol2022.com\\\/\",\"name\":\"Accueil - Mariupol 2022\",\"isPartOf\":{\"@id\":\"https:\\\/\\\/mariupol2022.com\\\/#website\"},\"primaryImageOfPage\":{\"@id\":\"https:\\\/\\\/mariupol2022.com\\\/#primaryimage\"},\"image\":{\"@id\":\"https:\\\/\\\/mariupol2022.com\\\/#primaryimage\"},\"thumbnailUrl\":\"https:\\\/\\\/mariupol2022.com\\\/wp-content\\\/uploads\\\/2024\\\/01\\\/Olesia-TROFYMENKO.jpeg\",\"datePublished\":\"2024-01-04T20:18:16+00:00\",\"dateModified\":\"2024-06-05T11:52:27+00:00\",\"description\":\"Le tableau d'Olesia Trofymenko peint \u00e0 l'occasion du film documentaire Mariupol 2022 a \u00e9t\u00e9 expos\u00e9 \u00e0 Paris au salon des artistes ind\u00e9pendants.\",\"breadcrumb\":{\"@id\":\"https:\\\/\\\/mariupol2022.com\\\/#breadcrumb\"},\"inLanguage\":\"fr-FR\",\"potentialAction\":[{\"@type\":\"ReadAction\",\"target\":[\"https:\\\/\\\/mariupol2022.com\\\/\"]}]},{\"@type\":\"ImageObject\",\"inLanguage\":\"fr-FR\",\"@id\":\"https:\\\/\\\/mariupol2022.com\\\/#primaryimage\",\"url\":\"https:\\\/\\\/mariupol2022.com\\\/wp-content\\\/uploads\\\/2024\\\/01\\\/Olesia-TROFYMENKO.jpeg\",\"contentUrl\":\"https:\\\/\\\/mariupol2022.com\\\/wp-content\\\/uploads\\\/2024\\\/01\\\/Olesia-TROFYMENKO.jpeg\",\"width\":1280,\"height\":590,\"caption\":\"Olesia Trofymenko en train de peintre le tableau Mariupol 2022\"},{\"@type\":\"BreadcrumbList\",\"@id\":\"https:\\\/\\\/mariupol2022.com\\\/#breadcrumb\",\"itemListElement\":[{\"@type\":\"ListItem\",\"position\":1,\"name\":\"Accueil\",\"item\":\"https:\\\/\\\/mariupol2022.com\\\/\"},{\"@type\":\"ListItem\",\"position\":2,\"name\":\"Accueil\"}]},{\"@type\":\"WebSite\",\"@id\":\"https:\\\/\\\/mariupol2022.com\\\/#website\",\"url\":\"https:\\\/\\\/mariupol2022.com\\\/\",\"name\":\"Mariupol 2022\",\"description\":\"\",\"publisher\":{\"@id\":\"https:\\\/\\\/mariupol2022.com\\\/#organization\"},\"potentialAction\":[{\"@type\":\"SearchAction\",\"target\":{\"@type\":\"EntryPoint\",\"urlTemplate\":\"https:\\\/\\\/mariupol2022.com\\\/?s={search_term_string}\"},\"query-input\":{\"@type\":\"PropertyValueSpecification\",\"valueRequired\":true,\"valueName\":\"search_term_string\"}}],\"inLanguage\":\"fr-FR\"},{\"@type\":\"Organization\",\"@id\":\"https:\\\/\\\/mariupol2022.com\\\/#organization\",\"name\":\"Mariupol 2022\",\"url\":\"https:\\\/\\\/mariupol2022.com\\\/\",\"logo\":{\"@type\":\"ImageObject\",\"inLanguage\":\"fr-FR\",\"@id\":\"https:\\\/\\\/mariupol2022.com\\\/#\\\/schema\\\/logo\\\/image\\\/\",\"url\":\"https:\\\/\\\/mariupol2022.com\\\/wp-content\\\/uploads\\\/2024\\\/01\\\/Olesia-TROFYMENKO.jpeg\",\"contentUrl\":\"https:\\\/\\\/mariupol2022.com\\\/wp-content\\\/uploads\\\/2024\\\/01\\\/Olesia-TROFYMENKO.jpeg\",\"width\":1280,\"height\":590,\"caption\":\"Mariupol 2022\"},\"image\":{\"@id\":\"https:\\\/\\\/mariupol2022.com\\\/#\\\/schema\\\/logo\\\/image\\\/\"}}]}<\/script>\n<!-- \/ Yoast SEO plugin. -->","yoast_head_json":{"title":"Accueil - Mariupol 2022","description":"Le tableau d'Olesia Trofymenko peint \u00e0 l'occasion du film documentaire Mariupol 2022 a \u00e9t\u00e9 expos\u00e9 \u00e0 Paris au salon des artistes ind\u00e9pendants.","robots":{"index":"index","follow":"follow","max-snippet":"max-snippet:-1","max-image-preview":"max-image-preview:large","max-video-preview":"max-video-preview:-1"},"canonical":"https:\/\/mariupol2022.com\/","og_locale":"fr_FR","og_type":"article","og_title":"Accueil - Mariupol 2022","og_description":"Le tableau d'Olesia Trofymenko peint \u00e0 l'occasion du film documentaire Mariupol 2022 a \u00e9t\u00e9 expos\u00e9 \u00e0 Paris au salon des artistes ind\u00e9pendants.","og_url":"https:\/\/mariupol2022.com\/","og_site_name":"Mariupol 2022","article_modified_time":"2024-06-05T11:52:27+00:00","og_image":[{"url":"https:\/\/mariupol2022.com\/wp-content\/uploads\/2024\/01\/Olesia-TROFYMENKO.jpeg","type":"","width":"","height":""}],"twitter_card":"summary_large_image","twitter_misc":{"Dur\u00e9e de lecture estim\u00e9e":"3 minutes"},"schema":{"@context":"https:\/\/schema.org","@graph":[{"@type":"WebPage","@id":"https:\/\/mariupol2022.com\/","url":"https:\/\/mariupol2022.com\/","name":"Accueil - Mariupol 2022","isPartOf":{"@id":"https:\/\/mariupol2022.com\/#website"},"primaryImageOfPage":{"@id":"https:\/\/mariupol2022.com\/#primaryimage"},"image":{"@id":"https:\/\/mariupol2022.com\/#primaryimage"},"thumbnailUrl":"https:\/\/mariupol2022.com\/wp-content\/uploads\/2024\/01\/Olesia-TROFYMENKO.jpeg","datePublished":"2024-01-04T20:18:16+00:00","dateModified":"2024-06-05T11:52:27+00:00","description":"Le tableau d'Olesia Trofymenko peint \u00e0 l'occasion du film documentaire Mariupol 2022 a \u00e9t\u00e9 expos\u00e9 \u00e0 Paris au salon des artistes ind\u00e9pendants.","breadcrumb":{"@id":"https:\/\/mariupol2022.com\/#breadcrumb"},"inLanguage":"fr-FR","potentialAction":[{"@type":"ReadAction","target":["https:\/\/mariupol2022.com\/"]}]},{"@type":"ImageObject","inLanguage":"fr-FR","@id":"https:\/\/mariupol2022.com\/#primaryimage","url":"https:\/\/mariupol2022.com\/wp-content\/uploads\/2024\/01\/Olesia-TROFYMENKO.jpeg","contentUrl":"https:\/\/mariupol2022.com\/wp-content\/uploads\/2024\/01\/Olesia-TROFYMENKO.jpeg","width":1280,"height":590,"caption":"Olesia Trofymenko en train de peintre le tableau Mariupol 2022"},{"@type":"BreadcrumbList","@id":"https:\/\/mariupol2022.com\/#breadcrumb","itemListElement":[{"@type":"ListItem","position":1,"name":"Accueil","item":"https:\/\/mariupol2022.com\/"},{"@type":"ListItem","position":2,"name":"Accueil"}]},{"@type":"WebSite","@id":"https:\/\/mariupol2022.com\/#website","url":"https:\/\/mariupol2022.com\/","name":"Mariupol 2022","description":"","publisher":{"@id":"https:\/\/mariupol2022.com\/#organization"},"potentialAction":[{"@type":"SearchAction","target":{"@type":"EntryPoint","urlTemplate":"https:\/\/mariupol2022.com\/?s={search_term_string}"},"query-input":{"@type":"PropertyValueSpecification","valueRequired":true,"valueName":"search_term_string"}}],"inLanguage":"fr-FR"},{"@type":"Organization","@id":"https:\/\/mariupol2022.com\/#organization","name":"Mariupol 2022","url":"https:\/\/mariupol2022.com\/","logo":{"@type":"ImageObject","inLanguage":"fr-FR","@id":"https:\/\/mariupol2022.com\/#\/schema\/logo\/image\/","url":"https:\/\/mariupol2022.com\/wp-content\/uploads\/2024\/01\/Olesia-TROFYMENKO.jpeg","contentUrl":"https:\/\/mariupol2022.com\/wp-content\/uploads\/2024\/01\/Olesia-TROFYMENKO.jpeg","width":1280,"height":590,"caption":"Mariupol 2022"},"image":{"@id":"https:\/\/mariupol2022.com\/#\/schema\/logo\/image\/"}}]}},"jetpack_sharing_enabled":true,"_links":{"self":[{"href":"https:\/\/mariupol2022.com\/index.php\/wp-json\/wp\/v2\/pages\/31","targetHints":{"allow":["GET"]}}],"collection":[{"href":"https:\/\/mariupol2022.com\/index.php\/wp-json\/wp\/v2\/pages"}],"about":[{"href":"https:\/\/mariupol2022.com\/index.php\/wp-json\/wp\/v2\/types\/page"}],"author":[{"embeddable":true,"href":"https:\/\/mariupol2022.com\/index.php\/wp-json\/wp\/v2\/users\/1"}],"replies":[{"embeddable":true,"href":"https:\/\/mariupol2022.com\/index.php\/wp-json\/wp\/v2\/comments?post=31"}],"version-history":[{"count":216,"href":"https:\/\/mariupol2022.com\/index.php\/wp-json\/wp\/v2\/pages\/31\/revisions"}],"predecessor-version":[{"id":1599,"href":"https:\/\/mariupol2022.com\/index.php\/wp-json\/wp\/v2\/pages\/31\/revisions\/1599"}],"wp:attachment":[{"href":"https:\/\/mariupol2022.com\/index.php\/wp-json\/wp\/v2\/media?parent=31"}],"curies":[{"name":"wp","href":"https:\/\/api.w.org\/{rel}","templated":true}]}}